 + w. Calculate d(s).
8
Let q(z) = z**2 - 1. Let v(w) = w**2 - 1. Suppose 3*y = s - 5*s + 13, 5*s - 2*y + 1 = 0. Let i(c) = s*v(c) - 3*q(c). Let n = -3 - -1. Give i(n).
-6
Let b(i) = -5*i**2 - 12*i - 64. Let u(j) = -4*j**2 - 14*j - 67. Let p(n) = 3*b(n) - 4*u(n). What is p(-15)?
1
Let o(d) = -9 - d**2 - 6*d + 33 - 15. Let h be ((-45)/6 + 4)*(-1 + 3). Give o(h).
2
Let d(g) = 451 - g**2 + 433 - 874 - 9*g. Calculate d(-9).
10
Let o(d) = -d - 7. Let v be o(-4). Let w(l) = 2*l**2 - 1. Let p(g) = -g**3 - 5*g**2 + 1. Let t be p(0). Let m(u) = -u. Let f(k) = t*w(k) + v*m(k). Give f(-3).
8
Let c(n) = 3 - 124*n + 126*n + 5 - n**2. What is c(6)?
-16
Suppose -5*d - 5*m + 5 = 0, d - 3*m + 23 = -d. Let h(i) = -i**2 - 6*i + 6. Give h(d).
14
Let i(f) be the third derivative of -f**5/60 - 5*f**3/2 - 34*f**2 + 62. Let y be 0/(1 + 4/(-2)). Suppose -2*h - 4*z = 0, y*h - 2*h = -3*z. Calculate i(h).
-15
Let i(w) = w - 8. Suppose 3*y - 33 = 5*c, 3*c = 2*y + 5*c - 22. What is i(y)?
3
Let w = 822 - 818. Let d(t) = -t + 2. Give d(w).
-2
Let z(d) = 2*d + 4. Suppose -6 - 4 = -h. Let c = h - 14. Let i = c + -2. Calculate z(i).
-8
Let m(h) = -21 - 17 + h + 51. Let g(o) = -9*o**2. Let k be g(-1). Determine m(k).
4
Let p(v) = -9*v + 2. Let a(j) = -j**2 + 8*j - 17. Let b be a(5). Give p(b).
20
Let f = -10 + 15. Let b(p) = -2*p**2 + 12*p - 7. Let a be b(f). Let c(l) = -7 - 2*l + a*l - 6*l + 3*l. Give c(-5).
3
Let t(l) be the first derivative of -l**2 + 6*l - 1. Let x be ((-48)/56)/((-6)/28) + 0. Give t(x).
-2
Let w(g) = 29*g**2 + 5*g + 18. Let o(h) = -4*h**2 - 2*h - 2. Let j(l) = 6*o(l) + w(l). What is j(4)?
58
Let v(h) = 3*h**2 + 3*h - 16. Let k(c) = 8*c**2 + 10*c - 47. Let g(l) = -4*k(l) + 11*v(l). Let p be g(5). Let u(d) = -d**3 + 5*d**2 - 4*d + 2. Determine u(p).
6
Let h(k) be the first derivative of -2*k**2 - 20. Give h(1).
-4
Suppose 0 = -2*t + 118 - 102. Let z(s) = -2*s + 6. What is z(t)?
-10
Let x(h) = -h**3 - 6*h**2 - 5*h + 2. Let g be x(-5). Suppose 0 = -3*p - g*p + 115. Let m(d) = -26*d - 7 - 1 + p*d. Give m(-6).
10
Let j(l) = -3*l**2 + 7*l + 7. Let v(f) = -8*f**2 + 13*f + 15. Let w(z) = -5*j(z) + 2*v(z). Give w(-7).
9
Let i(m) = 2*m + 15. Let r be (3 - 3 - 3)*24/9. What is i(r)?
-1
Let x(m) = m**2 + m + 1. Suppose l + 28 = 8*l. Suppose -5*j = 2*g - 2*j + 7, -5 = j. Suppose u + 2*y - g = l, -4*y + 28 = -4*u. What is x(u)?
3
Suppose -10*m + 51 = 101. Let j(s) = -2*s**2 - 6*s + 6. Give j(m).
-14
Let r(b) = b**2 + 7*b + 4. Let i be r(-6). Let x = i - 0. Let f be (3 - 5) + (-3 - x). Let a(q) = 3*q + 1. What is a(f)?
-8
Let p(y) be the third derivative of -1/60*y**6 + 0*y - 1/60*y**5 + 0 - 37*y**2 + 0*y**3 - 1/24*y**4. Determine p(-1).
2
Let g(u) be the second derivative of 4/3*u**3 - 5*u - 1/2*u**2 + 3. What is g(-1)?
-9
Let r(q) be the first derivative of q**4/12 + q**3/6 - 12*q + 2. Let y(h) be the first derivative of r(h). Suppose -8 = 5*w + 7. Give y(w).
6
Let s(b) be the second derivative of -b**5/120 - b**4/12 - 2*b**3 - 8*b. Let w(q) be the second derivative of s(q). Calculate w(-6).
4
Suppose 27 = -2*l + 31. Let v(o) = -3*o**2 + l*o + 4*o**2 + 6*o + 3 + 2. Calculate v(-4).
-11
Let d(p) = p**3 + 10*p**2 + 10*p + 8. Suppose 3 = -6*w - 51. What is d(w)?
-1
Let r(x) = 2*x + 2. Let j = -9 + 9. Let w be r(j). Suppose 4*u - 5*b + 4 = 0, 0*u - w*u - 2 = 3*b. Let s(d) = -d + 1. Give s(u).
2
Let f(q) = 6*q**2 - 2*q + 2. Suppose -4*t + 47*o - 8 = 44*o, -o = 4*t - 8. What is f(t)?
6
Let i = -13 + 19. Let h be 2 - (-48)/9 - i/(-9). Let a(l) = l**2 - 6*l - 5. Give a(h).
11
Let o be -2*5/(30/99). Let n = o - -32. Let q(y) = -y - 4*y**2 - 3 - 1 + 3. Determine q(n).
-4
Let s(z) = -13 - 1381*z**2 + 696*z**2 - 11*z + 686*z**2. Give s(11).
-13
Suppose 5*r = 2*r + 4*y + 16, 0 = -2*r + 5*y + 20. Suppose -n - 7*q + 15 = -3*q, 5*n + q - 18 = 0. Let o(j) = j**2 + 0 - 6 + 16 + n*j - 4*j. Determine o(r).
10
Suppose 2*q - 3*q = -5. Suppose -22 = 4*u + t, -3*u - 14 = 2*t + q. Let k(f) = f**2 + 7*f + 12. What is k(u)?
2
Let o(w) = -901*w - 1798. Let l be o(-2). Let a(k) be the third derivative of 0*k**4 + k**2 + 0*k + 1/2*k**3 - 1/60*k**5 + 0. Give a(l).
-13
Let l = -21 + 21. Let i(d) = 7*d + l + 3 - 10 - 3*d. Determine i(5).
13
Suppose 2 - 29 = 3*a. Let l = 7 + a. Let d(j) = -24*j - 5. Let q(n) = 6*n + 1. Let g(r) = l*d(r) - 9*q(r). Determine g(-3).
19
Let p(z) be the third derivative of z**4/12 + z**3/2 - 33*z**2. Let n(h) = 2 + 4*h**2 + 6*h - h - 4*h + h**3. Let g be n(-4). Determine p(g).
-1
Suppose -6*j = -j + 10. Let b(l) = -29*l**3 + 12*l**3 + 2*l - 3*l**2 + 16*l**3. Calculate b(j).
-8
Let u(y) = -5*y - 1. Let d = -143 + 147. Calculate u(d).
-21
Let z(t) be the third derivative of -t**7/70 - t**6/180 + t**5/60 - t**4/24 - 2*t**3 + 20*t**2. Let p(i) be the first derivative of z(i). What is p(1)?
-13
Let v(d) = 2*d - 17*d + 3*d + 8*d + 3 + 9. Determine v(8).
-20
Let n be -1*2 + 0 + -1. Let s(h) be the first derivative of -2*h**2 - 5*h - 2. Let z(f) = f + 1. Let g(o) = s(o) + 6*z(o). Determine g(n).
-5
Suppose 4*w = -0*w + 68. Suppose -2*y - v = y, -5*y + w = -4*v. Let j(c) = c - 2. What is j(y)?
-1
Let a = 0 - 1. Let x(u) = 15*u**2 - 6*u - 10. Let y(d) = -d**2 + d + 2. Let f be (-3 - -2 - 0) + 0/1. Let b(q) = f*x(q) - 5*y(q). What is b(a)?
-11
Let h(f) = 0*f**2 + 3*f**2 - 2*f**2 - 14 + 1 + 3*f. Let z be h(-6). Suppose -3*n + 2*n - z = 3*m, 2*n - 3*m - 8 = 0. Let g(s) = 3*s + 1. Determine g(n).
4
Let m(z) = -2*z**3 - z**2 - 6*z + 5. Let k(y) = -y**3 - 189 + 193 - y**2 + y - 6*y. Let h(j) = -3*k(j) + 2*m(j). Give h(2).
0
Let u(r) = -r - 1. Let w = 2579 - 2583. Determine u(w).
3
Let t(d) be the first derivative of -d**3 + 6*d**2 + 6*d - 64. Determine t(4).
6
Suppose -4 = -3*i + 4*r, 2*i + 4*r - 15 - 1 = 0. Let t(h) = -h**2 + 7*h - 8. Let b be t(i). Let u(l) = l**2 - 4*l + 5. What is u(b)?
5
Suppose -2*f - 21 = f. Let x be -4*((-49)/(-4))/f. Suppose 5*y + x = 2. Let b(n) = -6*n**3 - n**2 + 1. Calculate b(y).
6
Let w be -4 + (-8)/20*-10. Let k(y) = -y**3 + y**2 - y + 3. What is k(w)?
3
Let p be (-2 - 88/(-20))/((-6)/(-15)). Let c(x) = 2*x**2 + 8*x - p*x - 4*x**2 + 0*x - 1. Let r be (-32)/(-18) - (-2)/9. Give c(r).
-5
Let p(m) = -m. Let c(z) = -z**2 - 9*z + 13. Let a be c(-9). Let b(y) = 22 - 34 - 4*y + a. Let r(u) = -b(u) + 3*p(u). Calculate r(-1).
-2
Let m(c) = -10*c**3 - c**2 + c. Let r(a) = a**3 + 4*a**2 + a - 4. Let v be r(-3). Suppose v*d + 7*d = 9. Determine m(d).
-10
Let d(f) = -f**3 - f**2 + f. Let u(j) = -j**2 - 3*j. Let s be u(-2). Suppose -b = -5*b, 3*z = s*b. Calculate d(z).
0
Let g(z) = -15*z**3 + 6 + 16*z**3 - 2*z**2 + 0*z - 4*z**2 + 3*z. Determine g(5).
-4
Suppose -3*q - 7 = -2*k - 0*k, -2 = 2*q. Let n(b) = -b - 1 - k - 6. Determine n(-6).
-3
Let v(t) = -2*t**2 + 4*t + 3. Suppose 3*k + 26 = 5*k + 5*s, -15 = -k - 3*s. Suppose 4*z - 11 - 1 = -2*m, k*m = 4*z - 22. What is v(z)?
-13
Let b(u) = -u**3 + u + 4. Suppose 0 = 4*a + r + 3, r + 0 = 5. Let o be (0/a)/(-1 + (-6)/(-2)). What is b(o)?
4
Suppose 3 = -5*f + 8. Let c(d) = d - 14. Let g be c(14). Let p(b) = g*b - 5*b**3 - 2*b**3 - 4*b + 5*b. Calculate p(f).
-6
Suppose 56*t + 246 = 97*t. Let i(m) = -m - 5. Give i(t).
-11
Let n(v) be the second derivative of v**3/6 + 3*v**2/2 + 28*v - 1. Let g(r) = -2*r + 2. Let f be g(-2). Calculate n(f).
9
Suppose 0 = 2*y - 3*p - 15, -5*p + 8 = 2*y - p. Let r(q) = 4*q - 19. What is r(y)?
5
Let f be 4/(16/(-12)) + -1. Let r(o) be the second derivative of o**4/12 + 5*o**3/6 - 3*o**2/2 + 2*o. Let j(t) = -t. Let g(p) = 3*j(p) + r(p). Determine g(f).
5
Let t be (-1)/(-2 - (-14)/6). Let d be -3*2*t/18. Let i(q) = 3*q. Let y be i(d). Let n(s) = -2*s**2 + 4*s - 1. Determine n(y).
-7
Let y = -11 - -7. Let s(q) be the third derivative of q**5/60 + 5*q**4/24 + q**3/2 - 1727*q**2. Calculate s(y).
-1
Let n(q) = q + 7. Suppose -4*f = 2*a + 3*a + 65, f - 15 = 5*a. Let d(p) = 3*p + 22. Let w be d(f). What is n(w)?
-1
Let s(g) = -2*g - 1. Suppose z = 3*r + 4*z - 24, 4*r - z - 27 = 0. Suppose -5*j = -2*w - r, 3*j - 4*w = 5 + 2. Give s(j).
-3
Let v(f) = 10 - 7*f**2 - 3*f + 9 - f**2 - 22. Calculate v(-2).
-29
Suppose 0 = -24*b + 17*b - 42. Let z(v) = -v**3 - 7*v**2 - 5*v + 1. What is z(b)?
-5
Suppose 114*b = 116*b - 4. Let s(g) = -g**2 + 5. Calculate s(b).
1
Let u(l) be the third derivative of -l**5/60 - 7*l**4